 n be p(-12). Let h = n - -52. Suppose -5*r - 29 = -4*k - 0*r, -5*k + 3*r = -h. List the prime factors of k.
2, 3
Suppose -3*c = -4*c - 7. Let j(p) be the second derivative of -p**3/2 - 9*p**2/2 + 7*p. List the prime factors of j(c).
2, 3
Let x = 11 + -6. Suppose -x*c + 3*c + 1 = l, -30 = -3*l + 3*c. What are the prime factors of l?
7
Let b be ((-1)/(-2))/((-1)/(-42)). Let t = -8 + b. What are the prime factors of t?
13
Let j(u) = u**3 + 12*u**2 + 15*u - 9. Let f be j(-11). Let x = 109 + f. What are the prime factors of x?
2, 7
Suppose -3*m = -4*f - 29 + 10, 3*f - 6 = 0. Let d = m - -9. List the prime factors of d.
2, 3
Suppose 246 = 5*g + c, -g + 28 = c - 22. List the prime factors of g.
7
Suppose 3*l + 2*l - 475 = 0. Suppose -2*j = -l + 31. What are the prime factors of j?
2
What are the prime factors of (3 - 2)/(2/134)?
67
Let z be (-10)/(-3)*(-24)/(-20). Let t = 3 + z. What are the prime factors of t?
7
Let b = -3 + 5. Let u(l) = 2*l - 4*l + 0*l + b. What are the prime factors of u(-5)?
2, 3
Suppose c = 4*c - 9. Suppose -c*z - z + t = -52, -65 = -5*z + 2*t. List the prime factors of z.
13
Let i(x) = x**2 + 11*x + 12. Let r be i(-9). Let z = 8 + r. What are the prime factors of z?
2
Let i(o) = -o - 2. Let v = -17 + 9. Let b be i(v). Suppose -5*n + 4*n + 2*a = -6, 0 = -2*a + b. What are the prime factors of n?
2, 3
Suppose -3*m = i + 6, 0*i + 5*i + 87 = 4*m. Let q = i - -22. What are the prime factors of q?
7
Suppose -o + 3*h = -2, 0 = -5*o - h + 30 - 4. Let l = 7 + o. List the prime factors of l.
2, 3
List the prime factors of (-5)/10*-266 + -3.
2, 5, 13
Suppose -5*g + 24 = -266. List the prime factors of g.
2, 29
Suppose p = 2*p - 5*i - 65, 4*i + 69 = p. List the prime factors of p.
5, 17
Suppose -2*b - 2 = -12. List the prime factors of b.
5
Let s(d) = 9*d**2 - 3*d + 2. Let n be s(3). Suppose -4*k + 2*x + 0*x + 58 = 0, 0 = 5*k - 3*x - n. What are the prime factors of k?
13
Let f(m) = m - 8. Let z be f(10). Let b = 25 - z. List the prime factors of b.
23
Suppose 0 = -5*k + 3*k + 4*v - 40, 0 = -3*k + 5*v - 62. What are the prime factors of (32/k)/((-2)/12)?
2
Let j(m) = 12*m + 29. What are the prime factors of j(6)?
101
Let b be (-2 - -1)*(0 - -11). Let s = b - -19. Let r = s + -1. List the prime factors of r.
7
Let c(p) = 2*p. Let z be c(2). Suppose -2*m = -18 + z. Let o = m + -5. What are the prime factors of o?
2
Let o(w) = -w**3 - 1. Let v be o(-2). Suppose 2*c - 4 = -0. Suppose 0 = c*u + 3*z + v, -45 = -5*u + 8*z - 3*z. What are the prime factors of u?
2
List the prime factors of 2/(1 - 61/63).
3, 7
Suppose -2*a = -4*a. Suppose 0 = -5*l - a*l + 55. What are the prime factors of l?
11
Let n be 106/6*(5 + -2). Suppose -5*z + n = -42. What are the prime factors of z?
19
Suppose 0 = d - 43 - 41. List the prime factors of d.
2, 3, 7
Suppose -m - 2 = m. Let p be -1 + -6 - (0 + m). What are the prime factors of (4/p)/((-4)/42)?
7
Let p be 47/9 - (-10)/(-45). Suppose 38 = -2*u + t, 3*u + 37 + 27 = p*t. Let f = -8 - u. What are the prime factors of f?
2, 5
Let o(l) = l**2 - 6*l + 4. Let d be o(7). Suppose 5*p - d = 4*p. List the prime factors of p.
11
Suppose -9*w = -407 - 340. What are the prime factors of w?
83
Suppose -u - p = -0*u, 3*p = 4*u - 28. What are the prime factors of 20/((u - 0) + -3)?
2, 5
Let r(w) = -w**2 + 24*w + 12. What are the prime factors of r(24)?
2, 3
Let d be (-4)/6 + (-5)/(-3). Suppose -h + 10 - d = 0. What are the prime factors of h?
3
Let q be (5 - 3) + 1 + -3. Suppose q = -3*k - 4*x - 8, -3*k + 6*k = 2*x + 4. Let y = 8 - k. What are the prime factors of y?
2
Let r(d) = d**3 + 6*d**2 + 2*d + 5. Let i be r(-6). Suppose -x + 1 = -4*c, -1 + 47 = -2*x - 4*c. Let k = i - x. List the prime factors of k.
2
Let b(r) = -r**2 + 6*r + 6. Let t(d) = d**2 - 4*d + 6. Let c be t(4). Let q be b(c). Suppose 4 = 5*x - q. List the prime factors of x.
2
Suppose 1 = -5*u + 21. Suppose -s + 0 = -2*a + 2, -u*s + 2*a = -10. What are the prime factors of s?
2
Let h be (-2)/1*6/4. List the prime factors of (-84)/8*2/h.
7
Let l(w) = 6*w + 16. What are the prime factors of l(8)?
2
Suppose -3*j + 3*n = -171, 141 = 2*j + j + 3*n. List the prime factors of j.
2, 13
Suppose -4*r + 8 = -8. Let j = r + 1. List the prime factors of j.
5
Let l = -44 + 63. List the prime factors of l.
19
Let s(n) = -9*n. Let h be s(-5). Let v = h + -10. What are the prime factors of v?
5, 7
Let y(u) = -u**3 - 5*u**2 + 3*u + 1. Let a(g) = -g**3 + g**2 + 2*g + 2. Let o be a(-2). Let w be ((-12)/o)/(4/20). What are the prime factors of y(w)?
19
Let c(p) = 4*p**3 - 7*p**2 + 12*p - 3. What are the prime factors of c(4)?
3, 7
Let s = 6 - 10. Let t = s - -7. Suppose -h = 7 - t, 4 = -z - 4*h. List the prime factors of z.
2, 3
Suppose 3*a + 5*r - 34 = 0, a - 5*r + 40 = 6*a. Suppose 0 = -a*q - 15, -3*o + 6*o = -4*q - 2. Suppose 4 = -u + o. What are the prime factors of u?
2
Let t(g) be the second derivative of g**4/3 + g**2/2 + 2*g. List the prime factors of t(2).
17
Let c = -2 + 20. List the prime factors of c.
2, 3
What are the prime factors of -2 - -1 - (-157 + -4)?
2, 5
Let g = -232 - -355. Suppose 0 = -6*l + 3*l + g. List the prime factors of l.
41
Let s = -10 - -17. Let z(g) = -g**2 + 8*g - 4. Let n be z(s). List the prime factors of n - 0 - (-4)/2.
5
Suppose 0 = -4*u - 35 + 139. What are the prime factors of u?
2, 13
Let g = -54 + 171. What are the prime factors of g?
3, 13
Suppose -10 + 3 = -2*r - a, 0 = -r - 5*a + 8. Suppose -x - 4*s + 33 = 0, -x + 2*s + 6 + r = 0. List the prime factors of x.
17
Suppose m = -4*b + 148, -1055 = -5*m + 3*b - 269. Suppose 8*i = -t + 4*i + 39, 4*t - 4*i = m. List the prime factors of t.
3, 13
List the prime factors of 10/25 - (-369)/15.
5
Suppose 0 = -3*q + 5*c - 3*c - 52, -5*q - c = 65. Let x(l) = 3*l**3 - 2*l**2 - 2*l. Let y be x(-2). Let b = q - y. List the prime factors of b.
2, 7
Let f(l) = -6*l + 3. Let m be f(2). Let x be (4/6)/((-14)/21). Let n = x - m. List the prime factors of n.
2
Let s be (-2)/10 - (-5)/25. Suppose 2*p - p - 12 = s. List the prime factors of p.
2, 3
Let k(u) = 12*u**2 + u. Let f = 0 - -1. List the prime factors of k(f).
13
Let k(r) = 4*r**3 + 2*r**2 - 2*r + 1. Let p be k(1). Suppose 5*l = -5*b + p, 0*b - 2*b - 10 = 0. Suppose 0 = 2*j - l - 16. List the prime factors of j.
11
Suppose -9*f + 12*f = 126. List the prime factors of f.
2, 3, 7
Suppose -2*p - 5*i = 3*p - 190, 5*p - 2*i = 155. What are the prime factors of p?
3, 11
Let q be 1/(-2) - 1/(-2). Suppose -2*b - 1 = -j - q, 4*b - 18 = -2*j. Let w = 6 + j. List the prime factors of w.
11
Let j = 2 - -63. List the prime factors of j.
5, 13
Let j = 6 - 6. Suppose 14 = -2*b - j*b. List the prime factors of 0 + 1 + (-3 - b).
5
Let g(y) = y**3 - 3*y**2 + 2*y + 3. Let b be g(-3). Let h = b - -89. List the prime factors of h.
2
Suppose -5*g + 3*g + 46 = 0. Let q = g + 1. List the prime factors of q.
2, 3
Suppose -261 = -5*g + 159. List the prime factors of g.
2, 3, 7
Suppose -10*s + 7*s = -15. Suppose s*f - 5*y = 145, -3 = -y + 2. List the prime factors of f.
2, 17
Let n(m) be the third derivative of -m**4/24 + 13*m**3/6 + m**2. Suppose 0 = r + 5*p + 16, -3*r + 4*p = -r - 38. List the prime factors of n(r).
2
Suppose 4*h = 4*z + 28, 4*h = 5*h + 2*z + 5. Let w be (1/(-2) + 1)*8. Suppose w = h*p - 11. List the prime factors of p.
5
Let w be -3*(0 + (-12)/(-9)). Let p(g) = g**2 + 4*g + 6. Let x be p(w). Suppose 2 = 2*h - x. List the prime factors of h.
2
Let b be -5*(12/(-15) - -2). Let m be ((-9)/1)/(b/8). Let a = -6 + m. What are the prime factors of a?
2, 3
Let q(p) = -2*p**2. Let o be q(1). Let j(w) = 2*w**2 - 2*w**2 + 2*w**3 - 3*w**3 + w**2. What are the prime factors of j(o)?
2, 3
Let h = 723 + -448. List the prime factors of h.
5, 11
Let k(s) = 17*s + 2. Suppose 0 = -2*p - 3*p + 10. Let x be k(p). Suppose x + 0 = 4*h. List the prime factors of h.
3
Let x(i) = i**3 + 6. Let c be x(0). Suppose b + 3 = c. Let g = b + 17. List the prime factors of g.
2, 5
Suppose 0 = 3*z + n + 4*n + 10, -z - 4*n - 15 = 0. Suppose 7 = 3*f - z. What are the prime factors of f?
2
Suppose 0*t = 4*z - t - 122, -130 = -4*z + 5*t. List the prime factors of z.
2, 3, 5
Let z(g) = 4*g - 2*g + g**2 + 2 + g. List the prime factors of z(-4).
2, 3
Let z = -9 + 14. Suppose c + 3*r = -0*c + 14, 